{"id":169,"date":"2024-01-23T16:46:04","date_gmt":"2024-01-23T16:46:04","guid":{"rendered":"https:\/\/eroicac.demo-heythemers.com\/?page_id=169"},"modified":"2026-04-29T16:34:24","modified_gmt":"2026-04-29T09:34:24","slug":"trang-chu","status":"publish","type":"page","link":"https:\/\/maikimtu.com\/","title":{"rendered":"Trang Ch\u1ee7"},"content":{"rendered":"\n<div class=\"wp-block-group is-layout-flow wp-block-group-is-layout-flow\">\n<div class=\"wp-block-columns is-layout-flex wp-container-core-columns-is-layout-28f84493 wp-block-columns-is-layout-flex\">\n<div class=\"wp-block-column is-layout-flow wp-block-column-is-layout-flow\">\n<div class=\"wp-block-group is-vertical is-content-justification-left is-layout-flex wp-container-core-group-is-layout-4ea4d09d wp-block-group-is-layout-flex\" style=\"min-height:100%\">\n<h1 class=\"wp-block-heading has-medium-font-size wp-container-content-9cfa9a5a\"><span style=\"text-transform: uppercase; display:block;\">XIN CH\u00c0O, T\u00d4I L\u00c0<\/span><em style=\"display:block;\"><strong>MAI KIM T\u00da<\/strong><\/em><\/h1>\n\n\n\n<div class=\"wp-block-group is-vertical is-layout-flex wp-container-core-group-is-layout-ba6923d5 wp-block-group-is-layout-flex\">\n<p class=\"no-margin balance has-primary-font-family has-base-font-size\" style=\"font-style:normal;font-weight:400\">V\u1edbi h\u01a1n 7 n\u0103m l\u00e0m vi\u1ec7c trong l\u0129nh v\u1ef1c l\u00e0m \u0111\u1eb9p, t\u00f4i t\u1ef1 tin v\u00e0o kh\u1ea3 n\u0103ng ph\u00e2n t\u00edch, \u0111\u00e0o t\u1ea1o, ph\u00e1t tri\u1ec3n nh\u00e2n vi\u00ean v\u00e0 x\u00e2y d\u1ef1ng chi\u1ebfn l\u01b0\u1ee3c ph\u00e1t tri\u1ec3n th\u01b0\u01a1ng hi\u1ec7u c\u0169ng nh\u01b0 t\u1ed5 ch\u1ee9c ho\u1ea1t \u0111\u1ed9ng kinh doanh ph\u00f9 h\u1ee3p v\u1edbi y\u00eau c\u1ea7u c\u1ee7a c\u00e1c c\u00e1 nh\u00e2n, doanh nghi\u1ec7p.<\/p>\n\n\n\n<p class=\"has-primary-font-family has-small-font-size\"><em>by Mai Kim T\u00fa<\/em><\/p>\n<\/div>\n<\/div>\n<\/div>\n\n\n\n<div class=\"wp-block-column is-layout-flow wp-block-column-is-layout-flow\">\n<figure class=\"wp-block-image aligncenter size-full is-resized is-style-default wp-container-content-9cfa9a5a\"><img loading=\"lazy\" decoding=\"async\" width=\"1163\" height=\"1116\" src=\"https:\/\/maikimtu.com\/wp-content\/uploads\/2019\/04\/chi-tu.png\" alt=\"\" class=\"wp-image-3056\" style=\"aspect-ratio:1.042138255267282;width:481px;height:auto\" srcset=\"https:\/\/maikimtu.com\/wp-content\/uploads\/2019\/04\/chi-tu.png 1163w, https:\/\/maikimtu.com\/wp-content\/uploads\/2019\/04\/chi-tu-300x288.png 300w, https:\/\/maikimtu.com\/wp-content\/uploads\/2019\/04\/chi-tu-1024x983.png 1024w, https:\/\/maikimtu.com\/wp-content\/uploads\/2019\/04\/chi-tu-768x737.png 768w, https:\/\/maikimtu.com\/wp-content\/uploads\/2019\/04\/chi-tu-600x576.png 600w\" sizes=\"auto, (max-width: 1163px) 100vw, 1163px\" \/><\/figure>\n<\/div>\n<\/div>\n<\/div>\n\n\n\n<hr class=\"wp-block-separator has-alpha-channel-opacity\"\/>\n\n\n\n<div class=\"wp-block-group is-layout-flow wp-block-group-is-layout-flow\">\n<div class=\"wp-block-columns is-layout-flex wp-container-core-columns-is-layout-28f84493 wp-block-columns-is-layout-flex\">\n<div class=\"wp-block-column is-layout-flow wp-block-column-is-layout-flow\" style=\"flex-basis:100%\">\n<h6 class=\"wp-block-heading deco\" style=\"text-transform:uppercase\">What we do<\/h6>\n<\/div>\n\n\n\n<div class=\"wp-block-column is-layout-flow wp-block-column-is-layout-flow\" style=\"flex-basis:100%\">\n<div class=\"wp-block-group is-vertical is-content-justification-left is-nowrap is-layout-flex wp-container-core-group-is-layout-3420b1f0 wp-block-group-is-layout-flex\">\n<div class=\"wp-block-group is-layout-flow wp-block-group-is-layout-flow\">\n<h6 class=\"wp-block-heading has-x-small-font-size\" style=\"text-transform:uppercase\"><span style=\"text-decoration: underline;\">Articles<\/span><\/h6>\n\n\n\n<p class=\"has-base-font-size\">With this blog, we aim to share the world through our eyes. Our travel blog captures the <strong>unique experiences<\/strong>, hidden gems, and local insights we&#8217;ve gathered over the past years.<\/p>\n<\/div>\n<\/div>\n<\/div>\n<\/div>\n<\/div>\n\n\n\n<figure class=\"wp-block-gallery has-nested-images columns-2 wp-block-gallery-1 is-layout-flex wp-block-gallery-is-layout-flex\">\n<figure class=\"wp-block-image size-full\"><img loading=\"lazy\" decoding=\"async\" width=\"300\" height=\"300\" data-id=\"3304\" src=\"https:\/\/maikimtu.com\/wp-content\/uploads\/2023\/05\/59.png\" alt=\"\" class=\"wp-image-3304\" srcset=\"https:\/\/maikimtu.com\/wp-content\/uploads\/2023\/05\/59.png 300w, https:\/\/maikimtu.com\/wp-content\/uploads\/2023\/05\/59-150x150.png 150w, https:\/\/maikimtu.com\/wp-content\/uploads\/2023\/05\/59-100x100.png 100w\" sizes=\"auto, (max-width: 300px) 100vw, 300px\" \/><\/figure>\n\n\n\n<figure class=\"wp-block-image size-full\"><img loading=\"lazy\" decoding=\"async\" width=\"300\" height=\"300\" data-id=\"3278\" src=\"https:\/\/maikimtu.com\/wp-content\/uploads\/2023\/05\/33.png\" alt=\"\" class=\"wp-image-3278\" srcset=\"https:\/\/maikimtu.com\/wp-content\/uploads\/2023\/05\/33.png 300w, https:\/\/maikimtu.com\/wp-content\/uploads\/2023\/05\/33-150x150.png 150w, https:\/\/maikimtu.com\/wp-content\/uploads\/2023\/05\/33-100x100.png 100w\" sizes=\"auto, (max-width: 300px) 100vw, 300px\" \/><\/figure>\n<\/figure>\n\n\n\n<div class=\"wp-block-group is-vertical is-layout-flex wp-container-core-group-is-layout-fe9cc265 wp-block-group-is-layout-flex\">\n<div class=\"wp-block-columns is-layout-flex wp-container-core-columns-is-layout-28f84493 wp-block-columns-is-layout-flex\">\n<div class=\"wp-block-column is-layout-flow wp-block-column-is-layout-flow\" style=\"flex-basis:100%\">\n<div style=\"height:0px\" aria-hidden=\"true\" class=\"wp-block-spacer\"><\/div>\n\n\n\n<h6 class=\"wp-block-heading has-x-small-font-size\" style=\"text-transform:uppercase\"><span style=\"text-decoration: underline;\">Quan \u0110i\u1ec3m C\u00e1 Nh\u00e2n<\/span><\/h6>\n\n\n\n<p>T\u1ea1i \u0111\u00e2y c\u00f3 nh\u1eefng \u0111i\u1ec1u th\u00fa v\u1ecb kh\u00e1c trong \u0111\u1eddi s\u1ed1ng c\u1ee7a m\u00ecnh, t\u1eeb \u0111\u00f3 \u201ctr\u1ed3ng c\u00e2y, t\u01b0\u1edbi hoa\u201d cho ch\u00ednh \u0111\u1eddi s\u1ed1ng t\u00e2m h\u1ed3n c\u1ee7a b\u1ea1n, n\u00e2ng cao ch\u1ea5t l\u01b0\u1ee3ng cu\u1ed9c s\u1ed1ng<\/p>\n\n\n\n<h6 class=\"wp-block-heading has-x-small-font-size\" style=\"text-transform:uppercase\"><span style=\"text-decoration: underline;\"><span style=\"text-decoration: underline;\"><a href=\"https:\/\/maikimtu.com\/wp-admin\/term.php?taxonomy=category&amp;tag_ID=86&amp;post_type=post&amp;wp_http_referer=%2Fwp-admin%2Fedit-tags.php%3Ftaxonomy%3Dcategory\">L\u00e0m <\/a><\/span><a href=\"https:\/\/maikimtu.com\/wp-admin\/term.php?taxonomy=category&amp;tag_ID=86&amp;post_type=post&amp;wp_http_referer=%2Fwp-admin%2Fedit-tags.php%3Ftaxonomy%3Dcategory\"><span style=\"text-decoration: underline;\">\u0110\u1eb9p<\/span><\/a><\/span><\/h6>\n\n\n\n<p>N\u01a1i g\u00f3i g\u1ecdn to\u00e0n b\u1ed9 th\u00f4ng tin m\u1ef9 ph\u1ea9m, l\u00e0m \u0111\u1eb9p quan tr\u1ecdng m\u00e0 T\u00fa l\u00e0 ng\u01b0\u1eddi tr\u1ef1c ti\u1ebfp s\u1eed d\u1ee5ng, \u0111\u00e1nh gi\u00e1 d\u1ef1a tr\u00ean ki\u1ebfn th\u1ee9c v\u00e0 kinh nghi\u1ec7m c\u00e1 nh\u00e2n. Mang \u0111\u1ebfn cho b\u1ea1n g\u00f3c nh\u00ecn \u0111a chi\u1ec1u khi ch\u1ecdn mua ho\u1eb7c th\u1ef1c hi\u1ec7n d\u1ecbch v\u1ee5 l\u00e0m \u0111\u1eb9p.<\/p>\n<\/div>\n\n\n\n<div class=\"wp-block-column is-layout-flow wp-block-column-is-layout-flow\"><\/div>\n<\/div>\n<\/div>\n\n\n\n<div class=\"wp-block-group alignfull has-base-color has-contrast-background-color has-text-color has-background has-link-color wp-elements-05d12214a9774db370e7f0ee53718c70 has-global-padding is-layout-constrained wp-block-group-is-layout-constrained\">\n<div class=\"wp-block-columns is-layout-flex wp-container-core-columns-is-layout-28232c24 wp-block-columns-is-layout-flex\">\n<div class=\"wp-block-column is-vertically-aligned-stretch has-contrast-background-color has-background is-layout-flow wp-block-column-is-layout-flow\" style=\"border-style:none;border-width:0px;padding-top:var(--wp--preset--spacing--x-large);padding-bottom:var(--wp--preset--spacing--x-large)\">\n<div class=\"wp-block-group is-vertical is-layout-flex wp-container-core-group-is-layout-e1300cac wp-block-group-is-layout-flex\">\n<h3 class=\"wp-block-heading\">Keep updated with latest news and topics from us.<br><em>Join our newsletter.<\/em><\/h3>\n\n\n\t<form\n\t\tid=\"nelio-forms-form-171\"\t\tdata-formid=\"171\"\t\tdata-submit-processing-label=\"Subscribing...\"data-hide-form=\"false\"\t\tclass=\"nelio-forms-form\"\t\tmethod=\"post\"\n\t\tclass=\"nelio-forms-form\"\n\t>\n\t\t<noscript class=\"nelio-forms-error-noscript\">\n\t\t\tPlease enable JavaScript in your browser to complete this form\t\t<\/noscript>\n\t\t\n<div class=\"wp-block-nelio-forms-text nelio-forms-field nelio-forms-field--text nelio-forms-field--required\"><label class=\"nelio-forms-field__label nelio-forms-field__label--text nelio-forms-field__label--required nelio-forms-field__label--hidden\"><em>Newsletter<\/em><\/label><input type=\"text\" class=\"nelio-forms-field__value nelio-forms-field__value--text nelio-forms-field__value--required\" name=\"nelio_forms[fields][text-1]\" required minlength=\"5\" placeholder=\"Type your e-mail\" \/><\/div>\n\n\n\n<div class=\"wp-block-columns is-layout-flex wp-container-core-columns-is-layout-28f84493 wp-block-columns-is-layout-flex\">\n<div class=\"wp-block-column is-layout-flow wp-block-column-is-layout-flow\" style=\"flex-basis:70%\">\n<div class=\"wp-block-nelio-forms-checkbox nelio-forms-field nelio-forms-field--checkbox nelio-forms-field--required\"><input id=\"nelio-forms-form-1173__checkbox-1\" type=\"checkbox\" class=\"nelio-forms-field__value nelio-forms-field__value--checkbox nelio-forms-field__value--required\" name=\"nelio_forms[fields][checkbox-1]\" required \/><label class=\"nelio-forms-field__label nelio-forms-field__label--checkbox nelio-forms-field__label--required\" for=\"nelio-forms-form-1173__checkbox-1\"><strong>I have read and agree to the general terms<\/strong><\/label><\/div>\n<\/div>\n\n\n\n<div class=\"wp-block-column is-layout-flow wp-block-column-is-layout-flow\" style=\"flex-basis:30%\">\n<div class=\"wp-block-buttons is-content-justification-right is-layout-flex wp-container-core-buttons-is-layout-3087853f wp-block-buttons-is-layout-flex\">\n<div class=\"wp-block-button has-custom-width wp-block-button__width-100 nelio-forms-submit\"><a class=\"wp-block-button__link wp-element-button\">Send<\/a><\/div>\n<\/div>\n<\/div>\n<\/div>\n\t\t<input type=\"hidden\" name=\"nelio_forms[id]\" value=\"171\">\t\t<div class=\"nelio-forms-field nelio-forms-field--hidden\">\n\t\t\t<label class=\"nelio-forms-field__label nelio-forms-field__label--text\" for=\"nelio-forms-form-171__hp\">Please leave this field empty.<\/label>\n\t\t\t<input id=\"nelio-forms-form-171__hp\" type=\"text\" class=\"nelio-forms-field__value nelio-forms-field__value--text\" name=\"nelio_forms[fields][hp]\" size=\"40\" tabindex=\"-1\" autocomplete=\"off\">\n\t\t<\/div>\t<\/form>\n\t<\/div>\n<\/div>\n\n\n\n<div class=\"wp-block-column is-vertically-aligned-stretch has-contrast-background-color has-background is-layout-flow wp-block-column-is-layout-flow\">\n<div class=\"wp-block-group alignfull is-vertical is-content-justification-center is-layout-flex wp-container-core-group-is-layout-0154d0b4 wp-block-group-is-layout-flex\" style=\"min-height:100%\">\n<figure class=\"wp-block-image aligncenter size-full\"><img loading=\"lazy\" decoding=\"async\" width=\"693\" height=\"536\" src=\"https:\/\/maikimtu.com\/wp-content\/uploads\/2024\/01\/newsletter-illustration.webp\" alt=\"\" class=\"wp-image-192\" srcset=\"https:\/\/maikimtu.com\/wp-content\/uploads\/2024\/01\/newsletter-illustration.webp 693w, https:\/\/maikimtu.com\/wp-content\/uploads\/2024\/01\/newsletter-illustration-300x232.webp 300w\" sizes=\"auto, (max-width: 693px) 100vw, 693px\" \/><\/figure>\n<\/div>\n<\/div>\n<\/div>\n<\/div>\n","protected":false},"excerpt":{"rendered":"XIN CH\u00c0O, T\u00d4I L\u00c0MAI KIM T\u00da V\u1edbi h\u01a1n 7 n\u0103m l\u00e0m vi\u1ec7c trong l\u0129nh v\u1ef1c l\u00e0m \u0111\u1eb9p, t\u00f4i t\u1ef1 tin v\u00e0o kh\u1ea3 n\u0103ng ph\u00e2n t\u00edch, \u0111\u00e0o t\u1ea1o, ph\u00e1t tri\u1ec3n nh\u00e2n vi\u00ean v\u00e0 x\u00e2y d\u1ef1ng chi\u1ebfn l\u01b0\u1ee3c ph\u00e1t tri\u1ec3n th\u01b0\u01a1ng hi\u1ec7u c\u0169ng nh\u01b0 t\u1ed5 ch\u1ee9c ho\u1ea1t \u0111\u1ed9ng kinh doanh ph\u00f9 h\u1ee3p v\u1edbi y\u00eau c\u1ea7u c\u1ee7a c\u00e1c [&hellip;]","protected":false},"author":1,"featured_media":0,"parent":0,"menu_order":0,"comment_status":"closed","ping_status":"closed","template":"","meta":{"footnotes":""},"class_list":["post-169","page","type-page","status-publish","hentry"],"yoast_head":"<!-- This site is optimized with the Yoast SEO plugin v27.2 - https:\/\/yoast.com\/product\/yoast-seo-wordpress\/ -->\n<title>Trang Ch\u1ee7 - Mai Kim T\u00fa<\/title>\n<meta name=\"robots\" content=\"index, follow, max-snippet:-1, max-image-preview:large, max-video-preview:-1\" \/>\n<link rel=\"canonical\" href=\"https:\/\/maikimtu.com\/\" \/>\n<meta property=\"og:locale\" content=\"vi_VN\" \/>\n<meta property=\"og:type\" content=\"article\" \/>\n<meta property=\"og:title\" content=\"Trang Ch\u1ee7 - Mai Kim T\u00fa\" \/>\n<meta property=\"og:description\" content=\"XIN CH\u00c0O, T\u00d4I L\u00c0MAI KIM T\u00da V\u1edbi h\u01a1n 7 n\u0103m l\u00e0m vi\u1ec7c trong l\u0129nh v\u1ef1c l\u00e0m \u0111\u1eb9p, t\u00f4i t\u1ef1 tin v\u00e0o kh\u1ea3 n\u0103ng ph\u00e2n t\u00edch, \u0111\u00e0o t\u1ea1o, ph\u00e1t tri\u1ec3n nh\u00e2n vi\u00ean v\u00e0 x\u00e2y d\u1ef1ng chi\u1ebfn l\u01b0\u1ee3c ph\u00e1t tri\u1ec3n th\u01b0\u01a1ng hi\u1ec7u c\u0169ng nh\u01b0 t\u1ed5 ch\u1ee9c ho\u1ea1t \u0111\u1ed9ng kinh doanh ph\u00f9 h\u1ee3p v\u1edbi y\u00eau c\u1ea7u c\u1ee7a c\u00e1c [&hellip;]\" \/>\n<meta property=\"og:url\" content=\"https:\/\/maikimtu.com\/\" \/>\n<meta property=\"og:site_name\" content=\"Mai Kim T\u00fa\" \/>\n<meta property=\"article:modified_time\" content=\"2026-04-29T09:34:24+00:00\" \/>\n<meta property=\"og:image\" content=\"https:\/\/maikimtu.com\/wp-content\/uploads\/2019\/04\/chi-tu.png\" \/>\n\t<meta property=\"og:image:width\" content=\"1163\" \/>\n\t<meta property=\"og:image:height\" content=\"1116\" \/>\n\t<meta property=\"og:image:type\" content=\"image\/png\" \/>\n<meta name=\"twitter:card\" content=\"summary_large_image\" \/>\n<meta name=\"twitter:label1\" content=\"\u01af\u1edbc t\u00ednh th\u1eddi gian \u0111\u1ecdc\" \/>\n\t<meta name=\"twitter:data1\" content=\"2 ph\u00fat\" \/>\n<script type=\"application\/ld+json\" class=\"yoast-schema-graph\">{\"@context\":\"https:\/\/schema.org\",\"@graph\":[{\"@type\":\"WebPage\",\"@id\":\"https:\/\/maikimtu.com\/\",\"url\":\"https:\/\/maikimtu.com\/\",\"name\":\"Trang Ch\u1ee7 - Mai Kim T\u00fa\",\"isPartOf\":{\"@id\":\"https:\/\/maikimtu.com\/#website\"},\"primaryImageOfPage\":{\"@id\":\"https:\/\/maikimtu.com\/#primaryimage\"},\"image\":{\"@id\":\"https:\/\/maikimtu.com\/#primaryimage\"},\"thumbnailUrl\":\"https:\/\/maikimtu.com\/wp-content\/uploads\/2019\/04\/chi-tu.png\",\"datePublished\":\"2024-01-23T16:46:04+00:00\",\"dateModified\":\"2026-04-29T09:34:24+00:00\",\"breadcrumb\":{\"@id\":\"https:\/\/maikimtu.com\/#breadcrumb\"},\"inLanguage\":\"vi\",\"potentialAction\":[{\"@type\":\"ReadAction\",\"target\":[\"https:\/\/maikimtu.com\/\"]}]},{\"@type\":\"ImageObject\",\"inLanguage\":\"vi\",\"@id\":\"https:\/\/maikimtu.com\/#primaryimage\",\"url\":\"https:\/\/maikimtu.com\/wp-content\/uploads\/2019\/04\/chi-tu.png\",\"contentUrl\":\"https:\/\/maikimtu.com\/wp-content\/uploads\/2019\/04\/chi-tu.png\",\"width\":1163,\"height\":1116},{\"@type\":\"BreadcrumbList\",\"@id\":\"https:\/\/maikimtu.com\/#breadcrumb\",\"itemListElement\":[{\"@type\":\"ListItem\",\"position\":1,\"name\":\"Home\",\"item\":\"https:\/\/maikimtu.com\/\"},{\"@type\":\"ListItem\",\"position\":2,\"name\":\"Trang Ch\u1ee7\"}]},{\"@type\":\"WebSite\",\"@id\":\"https:\/\/maikimtu.com\/#website\",\"url\":\"https:\/\/maikimtu.com\/\",\"name\":\"Mai Kim T\u00fa\",\"description\":\"Ch\u00e0o m\u1eebng b\u1ea1n \u0111\u1ebfn v\u1edbi Blog c\u1ee7a T\u00fa\",\"publisher\":{\"@id\":\"https:\/\/maikimtu.com\/#\/schema\/person\/ebfdce0780127377d8db19e6d6b3f37b\"},\"potentialAction\":[{\"@type\":\"SearchAction\",\"target\":{\"@type\":\"EntryPoint\",\"urlTemplate\":\"https:\/\/maikimtu.com\/?s={search_term_string}\"},\"query-input\":{\"@type\":\"PropertyValueSpecification\",\"valueRequired\":true,\"valueName\":\"search_term_string\"}}],\"inLanguage\":\"vi\"},{\"@type\":[\"Person\",\"Organization\"],\"@id\":\"https:\/\/maikimtu.com\/#\/schema\/person\/ebfdce0780127377d8db19e6d6b3f37b\",\"name\":\"Mai Kim T\u00fa\",\"image\":{\"@type\":\"ImageObject\",\"inLanguage\":\"vi\",\"@id\":\"https:\/\/i0.wp.com\/maikimtu.com\/wp-content\/uploads\/2023\/05\/DONE-4.png?fit=300%2C300&ssl=1\",\"url\":\"https:\/\/i0.wp.com\/maikimtu.com\/wp-content\/uploads\/2023\/05\/DONE-4.png?fit=300%2C300&ssl=1\",\"contentUrl\":\"https:\/\/i0.wp.com\/maikimtu.com\/wp-content\/uploads\/2023\/05\/DONE-4.png?fit=300%2C300&ssl=1\",\"width\":300,\"height\":300,\"caption\":\"Mai Kim T\u00fa\"},\"logo\":{\"@id\":\"https:\/\/i0.wp.com\/maikimtu.com\/wp-content\/uploads\/2023\/05\/DONE-4.png?fit=300%2C300&ssl=1\"},\"sameAs\":[\"https:\/\/maikimtu.com\"]}]}<\/script>\n<!-- \/ Yoast SEO plugin. -->","yoast_head_json":{"title":"Trang Ch\u1ee7 - Mai Kim T\u00fa","robots":{"index":"index","follow":"follow","max-snippet":"max-snippet:-1","max-image-preview":"max-image-preview:large","max-video-preview":"max-video-preview:-1"},"canonical":"https:\/\/maikimtu.com\/","og_locale":"vi_VN","og_type":"article","og_title":"Trang Ch\u1ee7 - Mai Kim T\u00fa","og_description":"XIN CH\u00c0O, T\u00d4I L\u00c0MAI KIM T\u00da V\u1edbi h\u01a1n 7 n\u0103m l\u00e0m vi\u1ec7c trong l\u0129nh v\u1ef1c l\u00e0m \u0111\u1eb9p, t\u00f4i t\u1ef1 tin v\u00e0o kh\u1ea3 n\u0103ng ph\u00e2n t\u00edch, \u0111\u00e0o t\u1ea1o, ph\u00e1t tri\u1ec3n nh\u00e2n vi\u00ean v\u00e0 x\u00e2y d\u1ef1ng chi\u1ebfn l\u01b0\u1ee3c ph\u00e1t tri\u1ec3n th\u01b0\u01a1ng hi\u1ec7u c\u0169ng nh\u01b0 t\u1ed5 ch\u1ee9c ho\u1ea1t \u0111\u1ed9ng kinh doanh ph\u00f9 h\u1ee3p v\u1edbi y\u00eau c\u1ea7u c\u1ee7a c\u00e1c [&hellip;]","og_url":"https:\/\/maikimtu.com\/","og_site_name":"Mai Kim T\u00fa","article_modified_time":"2026-04-29T09:34:24+00:00","og_image":[{"width":1163,"height":1116,"url":"https:\/\/maikimtu.com\/wp-content\/uploads\/2019\/04\/chi-tu.png","type":"image\/png"}],"twitter_card":"summary_large_image","twitter_misc":{"\u01af\u1edbc t\u00ednh th\u1eddi gian \u0111\u1ecdc":"2 ph\u00fat"},"schema":{"@context":"https:\/\/schema.org","@graph":[{"@type":"WebPage","@id":"https:\/\/maikimtu.com\/","url":"https:\/\/maikimtu.com\/","name":"Trang Ch\u1ee7 - Mai Kim T\u00fa","isPartOf":{"@id":"https:\/\/maikimtu.com\/#website"},"primaryImageOfPage":{"@id":"https:\/\/maikimtu.com\/#primaryimage"},"image":{"@id":"https:\/\/maikimtu.com\/#primaryimage"},"thumbnailUrl":"https:\/\/maikimtu.com\/wp-content\/uploads\/2019\/04\/chi-tu.png","datePublished":"2024-01-23T16:46:04+00:00","dateModified":"2026-04-29T09:34:24+00:00","breadcrumb":{"@id":"https:\/\/maikimtu.com\/#breadcrumb"},"inLanguage":"vi","potentialAction":[{"@type":"ReadAction","target":["https:\/\/maikimtu.com\/"]}]},{"@type":"ImageObject","inLanguage":"vi","@id":"https:\/\/maikimtu.com\/#primaryimage","url":"https:\/\/maikimtu.com\/wp-content\/uploads\/2019\/04\/chi-tu.png","contentUrl":"https:\/\/maikimtu.com\/wp-content\/uploads\/2019\/04\/chi-tu.png","width":1163,"height":1116},{"@type":"BreadcrumbList","@id":"https:\/\/maikimtu.com\/#breadcrumb","itemListElement":[{"@type":"ListItem","position":1,"name":"Home","item":"https:\/\/maikimtu.com\/"},{"@type":"ListItem","position":2,"name":"Trang Ch\u1ee7"}]},{"@type":"WebSite","@id":"https:\/\/maikimtu.com\/#website","url":"https:\/\/maikimtu.com\/","name":"Mai Kim T\u00fa","description":"Ch\u00e0o m\u1eebng b\u1ea1n \u0111\u1ebfn v\u1edbi Blog c\u1ee7a T\u00fa","publisher":{"@id":"https:\/\/maikimtu.com\/#\/schema\/person\/ebfdce0780127377d8db19e6d6b3f37b"},"potentialAction":[{"@type":"SearchAction","target":{"@type":"EntryPoint","urlTemplate":"https:\/\/maikimtu.com\/?s={search_term_string}"},"query-input":{"@type":"PropertyValueSpecification","valueRequired":true,"valueName":"search_term_string"}}],"inLanguage":"vi"},{"@type":["Person","Organization"],"@id":"https:\/\/maikimtu.com\/#\/schema\/person\/ebfdce0780127377d8db19e6d6b3f37b","name":"Mai Kim T\u00fa","image":{"@type":"ImageObject","inLanguage":"vi","@id":"https:\/\/i0.wp.com\/maikimtu.com\/wp-content\/uploads\/2023\/05\/DONE-4.png?fit=300%2C300&ssl=1","url":"https:\/\/i0.wp.com\/maikimtu.com\/wp-content\/uploads\/2023\/05\/DONE-4.png?fit=300%2C300&ssl=1","contentUrl":"https:\/\/i0.wp.com\/maikimtu.com\/wp-content\/uploads\/2023\/05\/DONE-4.png?fit=300%2C300&ssl=1","width":300,"height":300,"caption":"Mai Kim T\u00fa"},"logo":{"@id":"https:\/\/i0.wp.com\/maikimtu.com\/wp-content\/uploads\/2023\/05\/DONE-4.png?fit=300%2C300&ssl=1"},"sameAs":["https:\/\/maikimtu.com"]}]}},"jetpack_sharing_enabled":true,"_links":{"self":[{"href":"https:\/\/maikimtu.com\/index.php?rest_route=\/wp\/v2\/pages\/169","targetHints":{"allow":["GET"]}}],"collection":[{"href":"https:\/\/maikimtu.com\/index.php?rest_route=\/wp\/v2\/pages"}],"about":[{"href":"https:\/\/maikimtu.com\/index.php?rest_route=\/wp\/v2\/types\/page"}],"author":[{"embeddable":true,"href":"https:\/\/maikimtu.com\/index.php?rest_route=\/wp\/v2\/users\/1"}],"replies":[{"embeddable":true,"href":"https:\/\/maikimtu.com\/index.php?rest_route=%2Fwp%2Fv2%2Fcomments&post=169"}],"version-history":[{"count":11,"href":"https:\/\/maikimtu.com\/index.php?rest_route=\/wp\/v2\/pages\/169\/revisions"}],"predecessor-version":[{"id":4005,"href":"https:\/\/maikimtu.com\/index.php?rest_route=\/wp\/v2\/pages\/169\/revisions\/4005"}],"wp:attachment":[{"href":"https:\/\/maikimtu.com\/index.php?rest_route=%2Fwp%2Fv2%2Fmedia&parent=169"}],"curies":[{"name":"wp","href":"https:\/\/api.w.org\/{rel}","templated":true}]}}